 - 3*l - 60. List the prime factors of l.
2
Suppose -13*f = -14*f + 57. List the prime factors of f.
3, 19
Suppose 2 + 4 = 2*m + 2*x, 5*m = -4*x + 13. Let y be (m*-1)/(1/(-2)). Suppose -y*u - 3*u + 30 = 0. List the prime factors of u.
2, 3
Suppose 0*u + 292 = 2*u + b, -5*u - b + 724 = 0. What are the prime factors of u?
2, 3
Let j = 3 - -7. Let f be (-25)/j*8/10. List the prime factors of -2 + 9 + (f - -4).
3
Suppose -3*j - 2*j - 20 = 0. Let o = -4 + j. What are the prime factors of (-1)/((-1)/o*-2)?
2
Suppose b + 110 = 3*b. What are the prime factors of b?
5, 11
Suppose 4*z = 6*z - 22. Suppose 0 = -5*t - 1 + z. List the prime factors of t.
2
Let j be (7/28)/(1/8). Suppose -6*y = -2*h - 2*y + 110, -j*h + 107 = -y. What are the prime factors of h?
53
Let j = 112 - 52. Let y be 123/(-6)*(-1 - -3). Let x = j + y. List the prime factors of x.
19
Let c = -39 + 81. Suppose -5*z + c = -33. What are the prime factors of z?
3, 5
Let m be ((-9)/(-12))/(1/4). Let r = -1 + m. Suppose -4*h + 4 = 2*l, 0*l - r*h - 48 = -4*l. What are the prime factors of l?
2, 5
Suppose 4 + 1 = -x, 0 = 4*q + 5*x - 63. Let p = q - 13. What are the prime factors of p?
3
Let y = -38 + -6. Let u = y + 65. List the prime factors of u.
3, 7
Let a(i) = i. Let c be a(-4). Let s(r) = -r**2 - 4*r + 2. Let j be s(c). List the prime factors of -4*1/(-2)*j.
2
Let g = 34 + -20. What are the prime factors of g?
2, 7
List the prime factors of -1*2/4 - 732/(-8).
7, 13
Suppose 0 = 5*l + 4*f, 0 = -4*l - 0*l + f. Let c(m) = -m**2 + 3*m**3 - 4*m**3 + 10 + 3*m - 2*m. What are the prime factors of c(l)?
2, 5
Let x(w) = 31*w**2. What are the prime factors of x(-1)?
31
Let m = 21 + -37. What are the prime factors of (4 + -1)/((-6)/m)?
2
Let y be (-66)/(-15) - 2/5. Suppose 0*b = -2*b - 5*s + 9, -4*s = -y*b - 52. Let a(u) = -u - 2. What are the prime factors of a(b)?
2, 3
Let x = 3 + -3. Let j = x - -5. Suppose -3*r - 1 + 0 = n, -j*r = 3*n - 1. List the prime factors of n.
2
Suppose 5*a - 67 = -22. Let t = 7 + a. What are the prime factors of t?
2
Suppose c = 9 - 2. List the prime factors of c.
7
Let h(s) = s**2 - s - 2. Let n be h(2). Suppose -6*m + 5*m + 8 = n. List the prime factors of m.
2
Let c(q) be the second derivative of q**5/20 - q**4/12 + q**3/6 + 12*q**2 + 4*q. List the prime factors of c(0).
2, 3
Let w(i) be the second derivative of -i**4/12 + i**3/6 - 2*i. Let a be w(5). What are the prime factors of 24*-1*15/a?
2, 3
Let n(s) = 3*s**2 + 12*s + 13. Let k(y) = -2*y**2 - 11*y - 12. Let q(v) = -4*k(v) - 3*n(v). List the prime factors of q(8).
3
Let a be (-6)/(-24) - (-1)/(-4). Suppose a*g - 5*x + 40 = 5*g, 4*g - 3*x + 3 = 0. List the prime factors of g.
3
Let r(v) = -v**3 - 3*v**2 + 6*v + 8. What are the prime factors of r(-5)?
2, 7
Let l be 2/(-9) - (-146)/9. Suppose -8 = p - 3*k, -4*p - k + l = -p. What are the prime factors of p?
2
Let a(q) = 2*q**3 - 28*q**2 - 12*q - 19. What are the prime factors of a(15)?
251
Suppose 5*o = 3*b - 4*b + 105, -4*b - 5*o + 390 = 0. What are the prime factors of b?
5, 19
Let b(z) = -z**3 + 11*z**2 + 14. What are the prime factors of b(10)?
2, 3, 19
Let j = 0 - -3. Let m = -1 + j. Suppose -m*b - 20 = 3*b, 3*g - 11 = -4*b. List the prime factors of g.
3
Suppose -d - 3*c = c - 18, 3*d + 14 = 5*c. List the prime factors of (d/(-2))/(3/(-21)).
7
Let q be (12/(-10))/(3/(-20)). Suppose 0 = 3*v + q + 16. Let y = v + 12. List the prime factors of y.
2
Suppose 0*i = 3*t + i - 92, 0 = -5*t + 4*i + 125. What are the prime factors of t?
29
Suppose 2*w = -k - 3*k + 126, 5*k + 2*w - 160 = 0. What are the prime factors of k?
2, 17
Suppose 3*u + 2 = 4*u. Suppose -5*l = -2*n - 43, 0*l = -u*l + 4*n + 14. What are the prime factors of l?
3
Let c(u) = u**3 + u**2 - u + 4. Let x be c(0). Suppose -2 = -2*v + x. What are the prime factors of v?
3
Let m(f) = -f**3 + 7*f**2 - 3*f - 7. Let t = -16 + 22. What are the prime factors of m(t)?
11
Let b(z) = -2*z + 1. Let h(r) = -6*r + 3. Let l(v) = 11*b(v) - 4*h(v). What are the prime factors of l(8)?
3, 5
Let m be 3/(-12) - 627/(-12). Let z be 1/((-2)/m)*-1. Suppose -z = -3*h + h. What are the prime factors of h?
13
Let d(g) = g**2 - 11*g - 10. List the prime factors of d(14).
2
Suppose -15 = -0*w + 5*w. Let z be w - (-4 - (2 - -1)). Suppose 0 = -z*q + 4 + 20. What are the prime factors of q?
2, 3
What are the prime factors of 7/(84/(-8))*-12?
2
Let l(q) = 3*q + q**3 - 7*q + 0*q**2 + 1 + 3*q**2. What are the prime factors of l(-3)?
13
Let c(j) = -26*j**2 + 6*j + 14. Let l(k) = -9*k**2 + 2*k + 5. Let g(w) = -4*c(w) + 11*l(w). What are the prime factors of g(2)?
3, 5
Suppose 5*g - 2*d = 376, -5*g - 4*d - 211 + 569 = 0. What are the prime factors of g?
2, 37
Let c = -12 - -33. List the prime factors of c.
3, 7
Let y = 6 - 4. Let f(o) = 2*o**3 - 3*o**2 + o - 2. What are the prime factors of f(y)?
2
Suppose 3*q + 39 = -0*q. Let o = -8 - q. Suppose 2*g = -5*l - 4 - 7, 2*g = o*l + 39. What are the prime factors of g?
7
Let b be 15 + -4*3/(-6). Suppose -x = 3*r - b, 0*r + 2*r = -3*x + 23. List the prime factors of r.
2
Suppose 3*q + 26 = -5*t - 0*q, -4*t + q - 14 = 0. Let b(a) = -9*a + 2. What are the prime factors of b(t)?
2, 19
Let r(m) = m + 11. What are the prime factors of r(-6)?
5
Let s(b) = b**3 - 10*b**2 + 16*b + 16. What are the prime factors of s(8)?
2
Let c be 2/(-8) + 39/12. Suppose 2*m - 2*f = -4, 5*m - 4*f - c + 8 = 0. Let v = 7 - m. List the prime factors of v.
2
Let i = 12 + -10. Let v be 35 + (-3 - (0 - i)). Suppose 3*m - v = m. What are the prime factors of m?
17
Suppose 3*d - 7 = -2*k - 0*k, -9 = -3*d - 3*k. Let g(x) = 5*x. Let t be g(d). Suppose t*w = 2*v + 89, -2*v - 23 = -w + v. List the prime factors of w.
17
Let v(a) = 10*a - 58. List the prime factors of v(13).
2, 3
Let j(t) = t**2 + 3*t + 4. Let v be j(-3). Let u = v + -2. Suppose 4*k - 92 = -4*d, -u*d + 4*k + 28 = -d. What are the prime factors of d?
2, 3
Suppose 2*v = 3*c + 8, 5*c + 4*v - 16 = c. Suppose 2*h = 4*k - 46, -4*k = -c*h - 3*h - 49. List the prime factors of k.
2, 5
Suppose -2*b + 36 = b. What are the prime factors of b?
2, 3
Suppose 5 = 3*k - 4. Suppose -k*b = -0*m - m + 6, 10 = 2*b. What are the prime factors of m?
3, 7
Let c = -5 + 10. Suppose c = b + 4*b. What are the prime factors of 2 - (2 - 2)*b?
2
Suppose 10*f + 23 = 4*y + 5*f, y + 1 = -f. Suppose 3 = 3*r, 4*a - y*r - 13 = r. What are the prime factors of a?
2
Let p = 23 - 19. List the prime factors of p.
2
Let f(z) = -z**3 - z + 7. Suppose -x = 4*h + 4, 2*h + 1 = 3*x - 1. List the prime factors of f(x).
7
Let y = 11 + -8. What are the prime factors of -2 + (-1 + 9 - y)?
3
Suppose 3*z + 3*s + 3 = 0, 2 = 2*s - 3*s. Suppose -6 = -f - z. Suppose -r + f*m = -17, r + 9 = 2*r + 3*m. List the prime factors of r.
2, 3
Let f = -10 - -21. Suppose -3*u = -7*u - 5*r + 32, 0 = u + 2*r - f. Suppose 0*l = -l - 3, -h - u*l + 4 = 0. What are the prime factors of h?
13
Suppose -3*p - 1 + 3 = -4*g, -8 = 4*p. Let u be -19*((3 - 3) + g). Let n = u + -26. List the prime factors of n.
2, 3
Let k(s) = s**2 + 4*s + 2. What are the prime factors of k(-5)?
7
Suppose 2*z = -2*z. Let a = z + 6. What are the prime factors of a?
2, 3
Suppose -5*t + 2*l + 9 = 0, 3*t - 14 = -t + 5*l. Suppose -2*h + 5 = t. List the prime factors of h.
2
Let g(s) = -s - 10. Let d be g(-7). Let y be (5 + -5)/(0 - d). Suppose z + 4*z = 4*b + 68, y = -z + b + 13. List the prime factors of z.
2
Let i = 7 - 7. Suppose 0*o + 5*o + 5 = 4*b, 4*o - b - 7 = i. List the prime factors of o.
3
Let b(x) = -7*x - 15. Let d be b(-11). Suppose -5*m + 212 - d = 0. List the prime factors of m.
2, 3, 5
Let m(z) = z**2 + 3*z + 2. Let u be m(-3). Suppose u*c = -3*c + 50. Suppose 3*l + c = 46. What are the prime factors of l?
2, 3
Let t = 2 - -1. Let o be 1*24/t + -1. List the prime factors of o/(3/(4 - 1)).
7
Suppose -3*t = -7*y + 4*y + 15, 0 = -3*y - 2*t + 20. Let k be (15/y - -1)*2. Suppose a - 1 = k. What are the prime factors of a?
2
Let l = 3 - 5. What are the prime factors of 5/l*-2*1?
5
Suppose 4*o - 5*s + 7 + 21 = 0, o - 3*s = -7. Let k(a) = a + 8. Let f be k(o). List the prime factors of f/2*-2*-4.
2
Let s(x) = x**3 + 5*x**2 - x - 1. Let y be s(-5). Suppose 1 = h, 2*r + 2*r = y*h + 36. Let b = r + 2. List the prime factors of b.
2, 3
Suppose 8*g = 12*g - 260